even?
False
Is 357 a factor of 34629?
True
Is 15 a factor of 990?
True
Is 32 a factor of 1399?
False
Is 13 a factor of 14937?
True
Is 32 a factor of 1792?
True
Is 17 a factor of 7055?
True
Does 130 divide 77004?
False
Does 6 divide 1279?
False
Does 8 divide 5342?
False
Is 30 a multiple of 4?
False
Is 18662 a multiple of 3?
False
Is 199 a multiple of 11?
False
Is 19 a factor of 50427?
False
Does 20 divide 4227?
False
Is 742 a multiple of 3?
False
Does 221 divide 11934?
True
Does 76 divide 9120?
True
Is 53 a factor of 25175?
True
Is 11491 a multiple of 49?
False
Does 44 divide 13558?
False
Does 8 divide 1309?
False
Is 87 a factor of 36799?
False
Is 1321 a multiple of 93?
False
Does 5 divide 556?
False
Is 19 a factor of 7348?
False
Is 29 a factor of 43210?
True
Does 15 divide 475?
False
Is 2059 a multiple of 10?
False
Is 110754 a multiple of 27?
True
Is 1789 a multiple of 57?
False
Does 114 divide 3384?
False
Does 14 divide 79742?
False
Is 7 a factor of 7203?
True
Does 14 divide 73?
False
Is 218 a factor of 17445?
False
Is 3 a factor of 72?
True
Is 2535 a multiple of 52?
False
Does 94 divide 12784?
True
Is 13575 a multiple of 181?
True
Is 854 a multiple of 14?
True
Is 7 a factor of 77?
True
Does 18 divide 18?
True
Is 44 a factor of 23628?
True
Is 260 a multiple of 42?
False
Is 82 a factor of 820?
True
Is 198 a factor of 47718?
True
Does 13 divide 728?
True
Is 22 a factor of 3393?
False
Does 34 divide 200?
False
Is 21 a factor of 5276?
False
Is 18556 a multiple of 63?
False
Does 36 divide 45468?
True
Is 119 a factor of 12971?
True
Does 88 divide 1848?
True
Is 249 a multiple of 18?
False
Does 120 divide 5640?
True
Is 2352 a multiple of 75?
False
Is 26 a factor of 910?
True
Is 7434 a multiple of 118?
True
Is 33685 a multiple of 9?
False
Does 15 divide 152235?
True
Is 572 a multiple of 11?
True
Is 1851 even?
False
Is 17862 a multiple of 78?
True
Is 3 a factor of 60?
True
Is 1216 a multiple of 3?
False
Is 17 a factor of 17?
True
Does 76 divide 44007?
False
Does 72 divide 3335?
False
Is 858 a multiple of 13?
True
Is 45 a factor of 30105?
True
Does 238 divide 50218?
True
Is 13 a factor of 71861?
False
Is 16 a factor of 11536?
True
Does 30 divide 870?
True
Does 15 divide 13324?
False
Is 78407 a multiple of 74?
False
Is 311 a multiple of 6?
False
Is 24567 a multiple of 19?
True
Is 680 a multiple of 12?
False
Is 562 a multiple of 19?
False
Is 60412 a multiple of 22?
True
Is 23622 a multiple of 127?
True
Is 431 a multiple of 4?
False
Is 16 a factor of 8320?
True
Does 38 divide 608?
True
Is 197 even?
False
Is 60 a factor of 7140?
True
Does 13 divide 3237?
True
Does 7 divide 1015?
True
Is 12 a factor of 10020?
True
Is 45 a factor of 4005?
True
Is 19 a factor of 177061?
True
Does 77 divide 80368?
False
Is 30780 a multiple of 9?
True
Is 12 a factor of 2100?
True
Is 54 a factor of 12139?
False
Does 45 divide 6930?
True
Is 183 a multiple of 7?
False
Does 14 divide 11564?
True
Is 9 a factor of 3769?
False
Is 18624 a multiple of 24?
True
Does 237 divide 10652?
False
Is 58 a factor of 41760?
True
Is 60 a factor of 3540?
True
Is 5724 a multiple of 36?
True
Is 51 a factor of 56730?
False
Is 19245 a multiple of 186?
False
Is 1800 a multiple of 30?
True
Is 1510 a multiple of 6?
False
Is 825 a multiple of 65?
False
Does 65 divide 8808?
False
Is 79 a factor of 1343?
True
Does 78 divide 14586?
True
Does 4 divide 424?
True
Is 49 a factor of 1470?
True
Is 978 a multiple of 3?
True
Is 133 a factor of 9044?
True
Does 3 divide 162?
True
Is 144 a factor of 83664?
True
Is 6459 a multiple of 13?
False
Is 12 a factor of 1260?
True
Does 3 divide 1241?
False
Does 105 divide 626?
False
Is 8295 a multiple of 35?
True
Is 64515 a multiple of 115?
True
Is 20 a factor of 29860?
True
Does 13 divide 845?
True
Is 928 a multiple of 16?
True
Is 14 a factor of 1680?
True
Does 28 divide 1718?
False
Is 28 a factor of 2268?
True
Is 22024 a multiple of 14?
False
Is 14 a factor of 826?
True
Is 9924 a multiple of 7?
False
Does 13 divide 17757?
False
Does 7 divide 1905?
False
Is 17110 a multiple of 29?
True
Is 70617 a multiple of 69?
False
Does 20 divide 1455?
False
Does 22 divide 23100?
True
Is 26882 a multiple of 111?
False
Does 37 divide 13061?
True
Is 2 a factor of 3027?
False
Does 32 divide 21920?
True
Does 134 divide 3484?
True
Does 448 divide 107992?
False
Is 126 a factor of 14238?
True
Does 6 divide 174?
True
Is 14307 a multiple of 23?
False
Is 198 a factor of 71357?
False
Is 43 a factor of 4602?
False
Is 14316 a multiple of 64?
False
Is 7 a factor of 1624?
True
Does 4 divide 1288?
True
Is 9 a factor of 11862?
True
Is 6 a factor of 243?
False
Is 584 a multiple of 11?
False
Is 25 a factor of 362?
False
Is 15200 a multiple of 8?
True
Does 53 divide 32332?
False
Is 681 a multiple of 8?
False
Is 124505 a multiple of 185?
True
Is 1853 a multiple of 6?
False
Is 15 a multiple of 5?
True
Is 44 a factor of 616?
True
Is 84 a multiple of 84?
True
Is 890 a multiple of 23?
False
Is 1482 a multiple of 3?
True
Is 102 a multiple of 34?
True
Is 151 a multiple of 21?
False
Is 3359 a multiple of 26?
False
Is 49 a factor of 2624?
False
Is 84168 a multiple of 36?
True
Is 24951 a multiple of 176?
False
Does 9 divide 16932?
False
Does 72 divide 7200?
True
Is 17 a factor of 663?
True
Does 6 divide 1158?
True
Does 8 divide 2208?
True
Is 32642 a multiple of 54?
False
Is 62 a factor of 48546?
True
Does 12 divide 680?
False
Is 26 a factor of 12391?
False
Is 17 a factor of 3531?
False
Is 10878 a multiple of 36?
False
Is 48 a factor of 2256?
True
Is 642 a multiple of 5?
False
Is 1124 a multiple of 48?
False
Does 38 divide 76?
True
Is 1800 a multiple of 28?
False
Is 15 a factor of 515?
False
Does 122 divide 6100?
True
Does 19 divide 3458?
True
Is 68 a factor of 4488?
True
Is 810 a multiple of 9?
True
Is 22896 a multiple of 37?
False
Is 2 a factor of 232?
True
Does 176 divide 33066?
False
Is 2293 a multiple of 9?
False
Is 59 a factor of 11768?
False
Is 163 a factor of 52395?
False
Is 31856 a multiple of 11?
True
Is 155 a multiple of 12?
False
Does 61 divide 41176?
False
Does 23 divide 28103?
False
Is 17827 a multiple of 26?
False
Is 9 a factor of 162?
True
Is 24 a factor of 759?
False
Is 10 a factor of 970?
True
Does 247 divide 8330?
False
Does 5 divide 455?
True
Is 3 a factor of 6559?
False
Does 145 divide 1860?
False
Does 5 divide 575?
True
Is 55 a factor of 6215?
True
Is 2553 even?
False
Does 41 divide 129888?
True
Is 5775 a multiple of 105?
True
Is 18 a factor of 2053?
False
Does 4 divide 193?
False
Does 4 divide 223?
False
Is 58 a factor of 638?
True
Is 20 a factor of 1796?
False
Is 1229 a multiple of 23?
False
Does 33 divide 1419?
True
Does 19 divide 2774?
True
Is 14 a factor of 98?
True
Is 16918 a multiple of 85?
False
Is 20 a factor of 13365?
False
Does 56 divide 971?
False
Is 20 a factor of 3134?
False
Is 6 a factor of 954?
True
Is 56520 a multiple of 36?
True
Does 27 divide 378?
True
Does 4 divide 117?
False
Does 10 divide 1050?
True
Is 31 a factor of 5546?
False
Is 257 a multiple of 25?
False
Does 3 divide 11532?
True
Is 34 a factor of 527?
False
Is 676 a multiple of 13?
True
Is 1735 a multiple of 5?
True
Does 36 divide 320?
False
Is 17250 a multiple of 97?
False
Is 126 a factor of 159642?
True
Is 11 a factor of 968?
True
Is 1095 a multiple of 15?
True
Does 15 divide 4275?
True
Does 147 divide 48869?
False
Is 42 a factor of 672?
True
Does 145 divide 28813?
False
Does 6 divide 18?
True
Is 32 a factor of 417?
False
Does 29 divide 4525?
False
Does 336 divide 8736?
True
Is 7 a factor of 3239?
False
Is 28 a factor of 794?
False
Is 37 a factor of 37?
True
Is 34 a factor of 9719?
False
Is 600 a multiple of 25?
True
Does 14 divide 3388?
True
Is 29 a factor of 86275?
True
Is 176 a multiple of 11?
True
Is 69 a factor of 8453?
False
Does 3 divide 529?
False
Is 16 a factor of 35344?
True
Is 31 even?
False
Does 3 divide 973?
False
Is 3345 a multiple of 31?
False
Is 1083 a multiple of 18?
False
Is 160 a multiple of 40?
True
Is 165 a multiple of 15?
True
Is 4 a factor of 32?
True
Does 10 divide 2587?
False
Does 31 divide 7285?
True
Is 936 a multiple of 26?
True
Is 4 a factor of 432?
True
Is 5 a factor of 130?
True
Is 25 a factor of 11098?
False
Does 60 divide 1588?
False
Does 8 divide 8168?
True
Is 54 a multiple of 6?
True
D